{"id":5728,"date":"2024-05-14T11:04:10","date_gmt":"2024-05-14T09:04:10","guid":{"rendered":"https:\/\/securetechforever.com\/?post_type=product&#038;p=5728"},"modified":"2024-05-14T11:08:20","modified_gmt":"2024-05-14T09:08:20","slug":"ezviz-lb1-couleur","status":"publish","type":"product","link":"https:\/\/securetechforever.com\/index.php\/produit\/ezviz-lb1-couleur\/","title":{"rendered":"EZVIZ CS-HAL-LB1-LCAW COULEUR"},"content":{"rendered":"<table width=\"917\">\n<tbody>\n<tr>\n<td width=\"375\">Mod\u00e8le<\/td>\n<td width=\"542\">CS-HAL-LB1-LCAW<\/td>\n<\/tr>\n<tr>\n<td width=\"375\">Couleur<\/td>\n<td width=\"542\">Couleur blanche chaude \u00e0 froide\u00a0; 16\u00a0millions de couleurs<\/td>\n<\/tr>\n<tr>\n<td width=\"375\">Wi-Fi<\/td>\n<td width=\"542\">802.11 b\/g\/n \u00e0 2,4\u00a0GHz<\/td>\n<\/tr>\n<tr>\n<td width=\"375\">Application EZVIZ<\/td>\n<td width=\"542\">prend en charge<\/td>\n<\/tr>\n<tr>\n<td width=\"375\">Commande vocale via Amazon Alexa et Google Assistant<\/td>\n<td width=\"542\">prend en charge<\/td>\n<\/tr>\n<tr>\n<td width=\"375\">Contr\u00f4le local<\/td>\n<td width=\"542\">prend en charge<\/td>\n<\/tr>\n<tr>\n<td width=\"375\">Type<\/td>\n<td width=\"542\">LED<\/td>\n<\/tr>\n<tr>\n<td width=\"375\">Luminosit\u00e9<\/td>\n<td width=\"542\">806\u00a0lumens<\/td>\n<\/tr>\n<tr>\n<td width=\"375\">Temp\u00e9rature de couleur<\/td>\n<td width=\"542\">De 2\u00a0700\u00a0K \u00e0 6\u00a0500\u00a0K<\/td>\n<\/tr>\n<tr>\n<td width=\"375\">Plage de luminosit\u00e9<\/td>\n<td width=\"542\">De 10\u00a0% \u00e0 100\u00a0%, r\u00e9glable<\/td>\n<\/tr>\n<tr>\n<td width=\"375\">Classe d\u2019efficacit\u00e9 \u00e9nerg\u00e9tique<\/td>\n<td width=\"542\">F<\/td>\n<\/tr>\n<tr>\n<td width=\"375\">Douille<\/td>\n<td width=\"542\">E27<\/td>\n<\/tr>\n<tr>\n<td width=\"375\">Dur\u00e9e de vie<\/td>\n<td width=\"542\">\uff1e15\u00a0000\u00a0heures<\/td>\n<\/tr>\n<tr>\n<td width=\"375\">Wattage<\/td>\n<td width=\"542\">8\u00a0W<\/td>\n<\/tr>\n<tr>\n<td width=\"375\">Temp\u00e9rature de fonctionnement<\/td>\n<td width=\"542\">De -15\u00a0\u00b0C \u00e0 45\u00a0\u00b0C<\/td>\n<\/tr>\n<tr>\n<td width=\"375\">Humidit\u00e9 de fonctionnement<\/td>\n<td width=\"542\">85\u00a0% ou moins (sans condensation)<\/td>\n<\/tr>\n<tr>\n<td width=\"375\">Alimentation \u00e9lectrique<\/td>\n<td width=\"542\">220\u00a0V \u00e0 240\u00a0V\u00a0CA 50\u00a0Hz\/60\u00a0Hz<\/td>\n<\/tr>\n<tr>\n<td width=\"375\">Dimensions<\/td>\n<td width=\"542\">\u00d8 60\u00a0x\u00a0109\u00a0mm<\/td>\n<\/tr>\n<tr>\n<td width=\"375\">Poids net<\/td>\n<td width=\"542\">54,8\u00a0g<\/td>\n<\/tr>\n<tr>\n<td width=\"375\">Certifications\u00a0:<\/td>\n<td width=\"542\">CE\/CB\/RoHS\/REACH\/DEEE<\/td>\n<\/tr>\n<\/tbody>\n<\/table>\n","protected":false},"excerpt":{"rendered":"<p>Les ampoules EZVIZ LB1-couleur fonctionnent avec Alexa et Google Assistant pour vous permettre d\u2019allumer et d\u2019\u00e9teindre vos lumi\u00e8res, de les tamiser et d&#8217;augmenter leur luminosit\u00e9, et m\u00eame de changer la temp\u00e9rature de couleur &#8211; tout cela avec votre voix\u00a0! Vous pouvez \u00e9galement utiliser l\u2019application EZVIZ pour d\u00e9finir des programmes ou contr\u00f4ler \u00e0 distance les lumi\u00e8res de votre maison, o\u00f9 que vous soyez.<\/p>\n","protected":false},"featured_media":5729,"comment_status":"open","ping_status":"closed","template":"","meta":{"_acf_changed":false},"product_brand":[],"product_cat":[258],"product_tag":[],"class_list":{"0":"post-5728","1":"product","2":"type-product","3":"status-publish","4":"has-post-thumbnail","6":"product_cat-ezviz","8":"first","9":"instock","10":"sale","11":"taxable","12":"shipping-taxable","13":"purchasable","14":"product-type-simple"},"acf":[],"yoast_head":"<!-- This site is optimized with the Yoast SEO plugin v25.0 - https:\/\/yoast.com\/wordpress\/plugins\/seo\/ -->\n<title>EZVIZ CS-HAL-LB1-LCAW COULEUR - SECURETECH FOREVER<\/title>\n<meta name=\"description\" content=\"EZVIZ LB1-Blanc fonctionnent avec Alexa et Google Assistant pour vous permettre d\u2019allumer et d\u2019\u00e9teindre, de les tamiser et d&#039;augmenter leur luminosit\u00e9\" \/>\n<meta name=\"robots\" content=\"index, follow, max-snippet:-1, max-image-preview:large, max-video-preview:-1\" \/>\n<link rel=\"canonical\" href=\"https:\/\/securetechforever.com\/index.php\/produit\/ezviz-lb1-couleur\/\" \/>\n<meta property=\"og:locale\" content=\"fr_FR\" \/>\n<meta property=\"og:type\" content=\"article\" \/>\n<meta property=\"og:title\" content=\"EZVIZ CS-HAL-LB1-LCAW COULEUR - SECURETECH FOREVER\" \/>\n<meta property=\"og:description\" content=\"EZVIZ LB1-Blanc fonctionnent avec Alexa et Google Assistant pour vous permettre d\u2019allumer et d\u2019\u00e9teindre, de les tamiser et d&#039;augmenter leur luminosit\u00e9\" \/>\n<meta property=\"og:url\" content=\"https:\/\/securetechforever.com\/index.php\/produit\/ezviz-lb1-couleur\/\" \/>\n<meta property=\"og:site_name\" content=\"SECURETECH FOREVER\" \/>\n<meta property=\"article:publisher\" content=\"https:\/\/fr-fr.facebook.com\/abdelouahed.hamadi\/\" \/>\n<meta property=\"article:modified_time\" content=\"2024-05-14T09:08:20+00:00\" \/>\n<meta property=\"og:image\" content=\"https:\/\/securetechforever.com\/wp-content\/uploads\/2024\/05\/EZVIZ-LB1-COULEUR.jpg\" \/>\n\t<meta property=\"og:image:width\" content=\"1024\" \/>\n\t<meta property=\"og:image:height\" content=\"1024\" \/>\n\t<meta property=\"og:image:type\" content=\"image\/jpeg\" \/>\n<meta name=\"twitter:card\" content=\"summary_large_image\" \/>\n<meta name=\"twitter:site\" content=\"@victorycsf\" \/>\n<meta name=\"twitter:label1\" content=\"Dur\u00e9e de lecture estim\u00e9e\" \/>\n\t<meta name=\"twitter:data1\" content=\"1 minute\" \/>\n<script type=\"application\/ld+json\" class=\"yoast-schema-graph\">{\"@context\":\"https:\/\/schema.org\",\"@graph\":[{\"@type\":\"WebPage\",\"@id\":\"https:\/\/securetechforever.com\/index.php\/produit\/ezviz-lb1-couleur\/\",\"url\":\"https:\/\/securetechforever.com\/index.php\/produit\/ezviz-lb1-couleur\/\",\"name\":\"EZVIZ CS-HAL-LB1-LCAW COULEUR - SECURETECH FOREVER\",\"isPartOf\":{\"@id\":\"https:\/\/securetechforever.com\/#website\"},\"primaryImageOfPage\":{\"@id\":\"https:\/\/securetechforever.com\/index.php\/produit\/ezviz-lb1-couleur\/#primaryimage\"},\"image\":{\"@id\":\"https:\/\/securetechforever.com\/index.php\/produit\/ezviz-lb1-couleur\/#primaryimage\"},\"thumbnailUrl\":\"https:\/\/securetechforever.com\/wp-content\/uploads\/2024\/05\/EZVIZ-LB1-COULEUR.jpg\",\"datePublished\":\"2024-05-14T09:04:10+00:00\",\"dateModified\":\"2024-05-14T09:08:20+00:00\",\"description\":\"EZVIZ LB1-Blanc fonctionnent avec Alexa et Google Assistant pour vous permettre d\u2019allumer et d\u2019\u00e9teindre, de les tamiser et d'augmenter leur luminosit\u00e9\",\"breadcrumb\":{\"@id\":\"https:\/\/securetechforever.com\/index.php\/produit\/ezviz-lb1-couleur\/#breadcrumb\"},\"inLanguage\":\"fr-FR\",\"potentialAction\":[{\"@type\":\"ReadAction\",\"target\":[\"https:\/\/securetechforever.com\/index.php\/produit\/ezviz-lb1-couleur\/\"]}]},{\"@type\":\"ImageObject\",\"inLanguage\":\"fr-FR\",\"@id\":\"https:\/\/securetechforever.com\/index.php\/produit\/ezviz-lb1-couleur\/#primaryimage\",\"url\":\"https:\/\/securetechforever.com\/wp-content\/uploads\/2024\/05\/EZVIZ-LB1-COULEUR.jpg\",\"contentUrl\":\"https:\/\/securetechforever.com\/wp-content\/uploads\/2024\/05\/EZVIZ-LB1-COULEUR.jpg\",\"width\":1024,\"height\":1024},{\"@type\":\"BreadcrumbList\",\"@id\":\"https:\/\/securetechforever.com\/index.php\/produit\/ezviz-lb1-couleur\/#breadcrumb\",\"itemListElement\":[{\"@type\":\"ListItem\",\"position\":1,\"name\":\"Accueil\",\"item\":\"https:\/\/securetechforever.com\/\"},{\"@type\":\"ListItem\",\"position\":2,\"name\":\"Shop\",\"item\":\"https:\/\/securetechforever.com\/index.php\/shop\/\"},{\"@type\":\"ListItem\",\"position\":3,\"name\":\"EZVIZ CS-HAL-LB1-LCAW COULEUR\"}]},{\"@type\":\"WebSite\",\"@id\":\"https:\/\/securetechforever.com\/#website\",\"url\":\"https:\/\/securetechforever.com\/\",\"name\":\"SECURETECH FOREVER\",\"description\":\"securtech\",\"publisher\":{\"@id\":\"https:\/\/securetechforever.com\/#organization\"},\"potentialAction\":[{\"@type\":\"SearchAction\",\"target\":{\"@type\":\"EntryPoint\",\"urlTemplate\":\"https:\/\/securetechforever.com\/?s={search_term_string}\"},\"query-input\":{\"@type\":\"PropertyValueSpecification\",\"valueRequired\":true,\"valueName\":\"search_term_string\"}}],\"inLanguage\":\"fr-FR\"},{\"@type\":\"Organization\",\"@id\":\"https:\/\/securetechforever.com\/#organization\",\"name\":\"SECURETECH FOREVER\",\"url\":\"https:\/\/securetechforever.com\/\",\"logo\":{\"@type\":\"ImageObject\",\"inLanguage\":\"fr-FR\",\"@id\":\"https:\/\/securetechforever.com\/#\/schema\/logo\/image\/\",\"url\":\"https:\/\/securetechforever.com\/wp-content\/uploads\/2024\/03\/cropped-Securetech-forever-png.png\",\"contentUrl\":\"https:\/\/securetechforever.com\/wp-content\/uploads\/2024\/03\/cropped-Securetech-forever-png.png\",\"width\":2490,\"height\":212,\"caption\":\"SECURETECH FOREVER\"},\"image\":{\"@id\":\"https:\/\/securetechforever.com\/#\/schema\/logo\/image\/\"},\"sameAs\":[\"https:\/\/fr-fr.facebook.com\/abdelouahed.hamadi\/\",\"https:\/\/x.com\/victorycsf\"]}]}<\/script>\n<!-- \/ Yoast SEO plugin. -->","yoast_head_json":{"title":"EZVIZ CS-HAL-LB1-LCAW COULEUR - SECURETECH FOREVER","description":"EZVIZ LB1-Blanc fonctionnent avec Alexa et Google Assistant pour vous permettre d\u2019allumer et d\u2019\u00e9teindre, de les tamiser et d'augmenter leur luminosit\u00e9","robots":{"index":"index","follow":"follow","max-snippet":"max-snippet:-1","max-image-preview":"max-image-preview:large","max-video-preview":"max-video-preview:-1"},"canonical":"https:\/\/securetechforever.com\/index.php\/produit\/ezviz-lb1-couleur\/","og_locale":"fr_FR","og_type":"article","og_title":"EZVIZ CS-HAL-LB1-LCAW COULEUR - SECURETECH FOREVER","og_description":"EZVIZ LB1-Blanc fonctionnent avec Alexa et Google Assistant pour vous permettre d\u2019allumer et d\u2019\u00e9teindre, de les tamiser et d'augmenter leur luminosit\u00e9","og_url":"https:\/\/securetechforever.com\/index.php\/produit\/ezviz-lb1-couleur\/","og_site_name":"SECURETECH FOREVER","article_publisher":"https:\/\/fr-fr.facebook.com\/abdelouahed.hamadi\/","article_modified_time":"2024-05-14T09:08:20+00:00","og_image":[{"width":1024,"height":1024,"url":"https:\/\/securetechforever.com\/wp-content\/uploads\/2024\/05\/EZVIZ-LB1-COULEUR.jpg","type":"image\/jpeg"}],"twitter_card":"summary_large_image","twitter_site":"@victorycsf","twitter_misc":{"Dur\u00e9e de lecture estim\u00e9e":"1 minute"},"schema":{"@context":"https:\/\/schema.org","@graph":[{"@type":"WebPage","@id":"https:\/\/securetechforever.com\/index.php\/produit\/ezviz-lb1-couleur\/","url":"https:\/\/securetechforever.com\/index.php\/produit\/ezviz-lb1-couleur\/","name":"EZVIZ CS-HAL-LB1-LCAW COULEUR - SECURETECH FOREVER","isPartOf":{"@id":"https:\/\/securetechforever.com\/#website"},"primaryImageOfPage":{"@id":"https:\/\/securetechforever.com\/index.php\/produit\/ezviz-lb1-couleur\/#primaryimage"},"image":{"@id":"https:\/\/securetechforever.com\/index.php\/produit\/ezviz-lb1-couleur\/#primaryimage"},"thumbnailUrl":"https:\/\/securetechforever.com\/wp-content\/uploads\/2024\/05\/EZVIZ-LB1-COULEUR.jpg","datePublished":"2024-05-14T09:04:10+00:00","dateModified":"2024-05-14T09:08:20+00:00","description":"EZVIZ LB1-Blanc fonctionnent avec Alexa et Google Assistant pour vous permettre d\u2019allumer et d\u2019\u00e9teindre, de les tamiser et d'augmenter leur luminosit\u00e9","breadcrumb":{"@id":"https:\/\/securetechforever.com\/index.php\/produit\/ezviz-lb1-couleur\/#breadcrumb"},"inLanguage":"fr-FR","potentialAction":[{"@type":"ReadAction","target":["https:\/\/securetechforever.com\/index.php\/produit\/ezviz-lb1-couleur\/"]}]},{"@type":"ImageObject","inLanguage":"fr-FR","@id":"https:\/\/securetechforever.com\/index.php\/produit\/ezviz-lb1-couleur\/#primaryimage","url":"https:\/\/securetechforever.com\/wp-content\/uploads\/2024\/05\/EZVIZ-LB1-COULEUR.jpg","contentUrl":"https:\/\/securetechforever.com\/wp-content\/uploads\/2024\/05\/EZVIZ-LB1-COULEUR.jpg","width":1024,"height":1024},{"@type":"BreadcrumbList","@id":"https:\/\/securetechforever.com\/index.php\/produit\/ezviz-lb1-couleur\/#breadcrumb","itemListElement":[{"@type":"ListItem","position":1,"name":"Accueil","item":"https:\/\/securetechforever.com\/"},{"@type":"ListItem","position":2,"name":"Shop","item":"https:\/\/securetechforever.com\/index.php\/shop\/"},{"@type":"ListItem","position":3,"name":"EZVIZ CS-HAL-LB1-LCAW COULEUR"}]},{"@type":"WebSite","@id":"https:\/\/securetechforever.com\/#website","url":"https:\/\/securetechforever.com\/","name":"SECURETECH FOREVER","description":"securtech","publisher":{"@id":"https:\/\/securetechforever.com\/#organization"},"potentialAction":[{"@type":"SearchAction","target":{"@type":"EntryPoint","urlTemplate":"https:\/\/securetechforever.com\/?s={search_term_string}"},"query-input":{"@type":"PropertyValueSpecification","valueRequired":true,"valueName":"search_term_string"}}],"inLanguage":"fr-FR"},{"@type":"Organization","@id":"https:\/\/securetechforever.com\/#organization","name":"SECURETECH FOREVER","url":"https:\/\/securetechforever.com\/","logo":{"@type":"ImageObject","inLanguage":"fr-FR","@id":"https:\/\/securetechforever.com\/#\/schema\/logo\/image\/","url":"https:\/\/securetechforever.com\/wp-content\/uploads\/2024\/03\/cropped-Securetech-forever-png.png","contentUrl":"https:\/\/securetechforever.com\/wp-content\/uploads\/2024\/03\/cropped-Securetech-forever-png.png","width":2490,"height":212,"caption":"SECURETECH FOREVER"},"image":{"@id":"https:\/\/securetechforever.com\/#\/schema\/logo\/image\/"},"sameAs":["https:\/\/fr-fr.facebook.com\/abdelouahed.hamadi\/","https:\/\/x.com\/victorycsf"]}]}},"jetpack_sharing_enabled":true,"_links":{"self":[{"href":"https:\/\/securetechforever.com\/index.php\/wp-json\/wp\/v2\/product\/5728","targetHints":{"allow":["GET"]}}],"collection":[{"href":"https:\/\/securetechforever.com\/index.php\/wp-json\/wp\/v2\/product"}],"about":[{"href":"https:\/\/securetechforever.com\/index.php\/wp-json\/wp\/v2\/types\/product"}],"replies":[{"embeddable":true,"href":"https:\/\/securetechforever.com\/index.php\/wp-json\/wp\/v2\/comments?post=5728"}],"wp:featuredmedia":[{"embeddable":true,"href":"https:\/\/securetechforever.com\/index.php\/wp-json\/wp\/v2\/media\/5729"}],"wp:attachment":[{"href":"https:\/\/securetechforever.com\/index.php\/wp-json\/wp\/v2\/media?parent=5728"}],"wp:term":[{"taxonomy":"product_brand","embeddable":true,"href":"https:\/\/securetechforever.com\/index.php\/wp-json\/wp\/v2\/product_brand?post=5728"},{"taxonomy":"product_cat","embeddable":true,"href":"https:\/\/securetechforever.com\/index.php\/wp-json\/wp\/v2\/product_cat?post=5728"},{"taxonomy":"product_tag","embeddable":true,"href":"https:\/\/securetechforever.com\/index.php\/wp-json\/wp\/v2\/product_tag?post=5728"}],"curies":[{"name":"wp","href":"https:\/\/api.w.org\/{rel}","templated":true}]}}