{"id":5707,"date":"2024-04-12T19:07:20","date_gmt":"2024-04-12T17:07:20","guid":{"rendered":"https:\/\/securetechforever.com\/?post_type=product&#038;p=5707"},"modified":"2024-04-12T19:07:46","modified_gmt":"2024-04-12T17:07:46","slug":"ds-2cd1663g2-lizu","status":"publish","type":"product","link":"https:\/\/securetechforever.com\/index.php\/produit\/ds-2cd1663g2-lizu\/","title":{"rendered":"DS-2CD1663G2-LIZU"},"content":{"rendered":"<p><strong>DS-2CD1663G2-LIZU <\/strong>est une cam\u00e9ra r\u00e9seau ext\u00e9rieure de<strong>\u00a06 m\u00e9gapixels avec une r\u00e9solution 3200 x 1800 pixels<\/strong>. Sa conception astucieuse lui permet de fonctionner de jour comme de nuit. Elle offre une excellente qualit\u00e9 vid\u00e9o (IR jusqu&#8217;\u00e0 50 m) qui vous permettra de surveiller et d\u2019enregistrer les moindres mouvements suspects. Son syst\u00e8me de surveillance se concentre sur les cibles humaines et les v\u00e9hicules, am\u00e9liorant consid\u00e9rablement l&#8217;efficacit\u00e9 de d\u00e9tection des dangers potentiels et l&#8217;efficacit\u00e9 des alarmes. Gr\u00e2ce \u00e0 sa\u00a0certification IP67, cette cam\u00e9ra r\u00e9siste aux intemp\u00e9ries. Elle offre une\u00a0connexion Fast Ethernet. Elle peut \u00eatre aliment\u00e9e sur secteur, mais \u00e9galement par PoE. Performante, efficace, elle est parfaite pour une s\u00e9curit\u00e9 ext\u00e9rieure optimale.<\/p>\n<p>&nbsp;<\/p>\n","protected":false},"excerpt":{"rendered":"<p><strong>Caract\u00e9ristiques :<\/strong><\/p>\n<ul>\n<li>Capteur CMOS 1\/2.4\u201d 6 M\u00e9gapixels<\/li>\n<li>R\u00e9solution\u00a03200 x 1800 pixels @30 fps<\/li>\n<li>Compression H.265, H.265+, H.264+, H.264<\/li>\n<li>Imagerie de haute qualit\u00e9 avec une r\u00e9solution de 6\u00a0MP<\/li>\n<li>Prise en charge de la d\u00e9tection des personnes et des v\u00e9hicules<\/li>\n<li>Smart Hybrid Light : technologie avanc\u00e9e \u00e0 longue port\u00e9e<\/li>\n<li>Objectif \u00e0 focale variable motoris\u00e9 de 2,8 \u00e0 12 mm pour une installation et une surveillance faciles<\/li>\n<li>Emplacement pour carte SD jusqu&#8217;\u00e0 512 Go pour le stockage<\/li>\n<li>Image claire m\u00eame avec un contre-jour puissant gr\u00e2ce \u00e0 la technologie WDR de 120 dB<\/li>\n<li>Microphone int\u00e9gr\u00e9 pour une s\u00e9curit\u00e9 audio en temps r\u00e9el<\/li>\n<li>R\u00e9sistant \u00e0 l&#8217;eau et \u00e0 la poussi\u00e8re (IP67)<\/li>\n<li>Dimensions : 252 x 105 x 105 mm<\/li>\n<li>Poids : Approx. 750 g<\/li>\n<\/ul>\n","protected":false},"featured_media":5708,"comment_status":"open","ping_status":"closed","template":"","meta":{"_acf_changed":false},"product_brand":[],"product_cat":[248,24],"product_tag":[],"class_list":{"0":"post-5707","1":"product","2":"type-product","3":"status-publish","4":"has-post-thumbnail","6":"product_cat-cameras-ip-6mp","7":"product_cat-network","9":"first","10":"instock","11":"sale","12":"taxable","13":"shipping-taxable","14":"purchasable","15":"product-type-simple"},"acf":[],"yoast_head":"<!-- This site is optimized with the Yoast SEO plugin v25.0 - https:\/\/yoast.com\/wordpress\/plugins\/seo\/ -->\n<title>DS-2CD1663G2-LIZU - SECURETECH FOREVER<\/title>\n<meta name=\"description\" content=\"DS-2CD1663G2-LIZU est une cam\u00e9ra r\u00e9seau ext\u00e9rieure de 6 m\u00e9gapixels avec une r\u00e9solution 3200 x 1800 pixels. Elle offre une excellente qualit\u00e9 vid\u00e9o IR 50m\" \/>\n<meta name=\"robots\" content=\"index, follow, max-snippet:-1, max-image-preview:large, max-video-preview:-1\" \/>\n<link rel=\"canonical\" href=\"https:\/\/securetechforever.com\/index.php\/produit\/ds-2cd1663g2-lizu\/\" \/>\n<meta property=\"og:locale\" content=\"fr_FR\" \/>\n<meta property=\"og:type\" content=\"article\" \/>\n<meta property=\"og:title\" content=\"DS-2CD1663G2-LIZU - SECURETECH FOREVER\" \/>\n<meta property=\"og:description\" content=\"DS-2CD1663G2-LIZU est une cam\u00e9ra r\u00e9seau ext\u00e9rieure de 6 m\u00e9gapixels avec une r\u00e9solution 3200 x 1800 pixels. Elle offre une excellente qualit\u00e9 vid\u00e9o IR 50m\" \/>\n<meta property=\"og:url\" content=\"https:\/\/securetechforever.com\/index.php\/produit\/ds-2cd1663g2-lizu\/\" \/>\n<meta property=\"og:site_name\" content=\"SECURETECH FOREVER\" \/>\n<meta property=\"article:publisher\" content=\"https:\/\/fr-fr.facebook.com\/abdelouahed.hamadi\/\" \/>\n<meta property=\"article:modified_time\" content=\"2024-04-12T17:07:46+00:00\" \/>\n<meta property=\"og:image\" content=\"https:\/\/securetechforever.com\/wp-content\/uploads\/2024\/04\/DS-2CD1663G2-LIZU.jpg\" \/>\n\t<meta property=\"og:image:width\" content=\"1600\" \/>\n\t<meta property=\"og:image:height\" content=\"1600\" \/>\n\t<meta property=\"og:image:type\" content=\"image\/jpeg\" \/>\n<meta name=\"twitter:card\" content=\"summary_large_image\" \/>\n<meta name=\"twitter:site\" content=\"@victorycsf\" \/>\n<meta name=\"twitter:label1\" content=\"Dur\u00e9e de lecture estim\u00e9e\" \/>\n\t<meta name=\"twitter:data1\" content=\"1 minute\" \/>\n<script type=\"application\/ld+json\" class=\"yoast-schema-graph\">{\"@context\":\"https:\/\/schema.org\",\"@graph\":[{\"@type\":\"WebPage\",\"@id\":\"https:\/\/securetechforever.com\/index.php\/produit\/ds-2cd1663g2-lizu\/\",\"url\":\"https:\/\/securetechforever.com\/index.php\/produit\/ds-2cd1663g2-lizu\/\",\"name\":\"DS-2CD1663G2-LIZU - SECURETECH FOREVER\",\"isPartOf\":{\"@id\":\"https:\/\/securetechforever.com\/#website\"},\"primaryImageOfPage\":{\"@id\":\"https:\/\/securetechforever.com\/index.php\/produit\/ds-2cd1663g2-lizu\/#primaryimage\"},\"image\":{\"@id\":\"https:\/\/securetechforever.com\/index.php\/produit\/ds-2cd1663g2-lizu\/#primaryimage\"},\"thumbnailUrl\":\"https:\/\/securetechforever.com\/wp-content\/uploads\/2024\/04\/DS-2CD1663G2-LIZU.jpg\",\"datePublished\":\"2024-04-12T17:07:20+00:00\",\"dateModified\":\"2024-04-12T17:07:46+00:00\",\"description\":\"DS-2CD1663G2-LIZU est une cam\u00e9ra r\u00e9seau ext\u00e9rieure de 6 m\u00e9gapixels avec une r\u00e9solution 3200 x 1800 pixels. Elle offre une excellente qualit\u00e9 vid\u00e9o IR 50m\",\"breadcrumb\":{\"@id\":\"https:\/\/securetechforever.com\/index.php\/produit\/ds-2cd1663g2-lizu\/#breadcrumb\"},\"inLanguage\":\"fr-FR\",\"potentialAction\":[{\"@type\":\"ReadAction\",\"target\":[\"https:\/\/securetechforever.com\/index.php\/produit\/ds-2cd1663g2-lizu\/\"]}]},{\"@type\":\"ImageObject\",\"inLanguage\":\"fr-FR\",\"@id\":\"https:\/\/securetechforever.com\/index.php\/produit\/ds-2cd1663g2-lizu\/#primaryimage\",\"url\":\"https:\/\/securetechforever.com\/wp-content\/uploads\/2024\/04\/DS-2CD1663G2-LIZU.jpg\",\"contentUrl\":\"https:\/\/securetechforever.com\/wp-content\/uploads\/2024\/04\/DS-2CD1663G2-LIZU.jpg\",\"width\":1600,\"height\":1600},{\"@type\":\"BreadcrumbList\",\"@id\":\"https:\/\/securetechforever.com\/index.php\/produit\/ds-2cd1663g2-lizu\/#breadcrumb\",\"itemListElement\":[{\"@type\":\"ListItem\",\"position\":1,\"name\":\"Accueil\",\"item\":\"https:\/\/securetechforever.com\/\"},{\"@type\":\"ListItem\",\"position\":2,\"name\":\"Shop\",\"item\":\"https:\/\/securetechforever.com\/index.php\/shop\/\"},{\"@type\":\"ListItem\",\"position\":3,\"name\":\"DS-2CD1663G2-LIZU\"}]},{\"@type\":\"WebSite\",\"@id\":\"https:\/\/securetechforever.com\/#website\",\"url\":\"https:\/\/securetechforever.com\/\",\"name\":\"SECURETECH FOREVER\",\"description\":\"securtech\",\"publisher\":{\"@id\":\"https:\/\/securetechforever.com\/#organization\"},\"potentialAction\":[{\"@type\":\"SearchAction\",\"target\":{\"@type\":\"EntryPoint\",\"urlTemplate\":\"https:\/\/securetechforever.com\/?s={search_term_string}\"},\"query-input\":{\"@type\":\"PropertyValueSpecification\",\"valueRequired\":true,\"valueName\":\"search_term_string\"}}],\"inLanguage\":\"fr-FR\"},{\"@type\":\"Organization\",\"@id\":\"https:\/\/securetechforever.com\/#organization\",\"name\":\"SECURETECH FOREVER\",\"url\":\"https:\/\/securetechforever.com\/\",\"logo\":{\"@type\":\"ImageObject\",\"inLanguage\":\"fr-FR\",\"@id\":\"https:\/\/securetechforever.com\/#\/schema\/logo\/image\/\",\"url\":\"https:\/\/securetechforever.com\/wp-content\/uploads\/2024\/03\/cropped-Securetech-forever-png.png\",\"contentUrl\":\"https:\/\/securetechforever.com\/wp-content\/uploads\/2024\/03\/cropped-Securetech-forever-png.png\",\"width\":2490,\"height\":212,\"caption\":\"SECURETECH FOREVER\"},\"image\":{\"@id\":\"https:\/\/securetechforever.com\/#\/schema\/logo\/image\/\"},\"sameAs\":[\"https:\/\/fr-fr.facebook.com\/abdelouahed.hamadi\/\",\"https:\/\/x.com\/victorycsf\"]}]}<\/script>\n<!-- \/ Yoast SEO plugin. -->","yoast_head_json":{"title":"DS-2CD1663G2-LIZU - SECURETECH FOREVER","description":"DS-2CD1663G2-LIZU est une cam\u00e9ra r\u00e9seau ext\u00e9rieure de 6 m\u00e9gapixels avec une r\u00e9solution 3200 x 1800 pixels. Elle offre une excellente qualit\u00e9 vid\u00e9o IR 50m","robots":{"index":"index","follow":"follow","max-snippet":"max-snippet:-1","max-image-preview":"max-image-preview:large","max-video-preview":"max-video-preview:-1"},"canonical":"https:\/\/securetechforever.com\/index.php\/produit\/ds-2cd1663g2-lizu\/","og_locale":"fr_FR","og_type":"article","og_title":"DS-2CD1663G2-LIZU - SECURETECH FOREVER","og_description":"DS-2CD1663G2-LIZU est une cam\u00e9ra r\u00e9seau ext\u00e9rieure de 6 m\u00e9gapixels avec une r\u00e9solution 3200 x 1800 pixels. Elle offre une excellente qualit\u00e9 vid\u00e9o IR 50m","og_url":"https:\/\/securetechforever.com\/index.php\/produit\/ds-2cd1663g2-lizu\/","og_site_name":"SECURETECH FOREVER","article_publisher":"https:\/\/fr-fr.facebook.com\/abdelouahed.hamadi\/","article_modified_time":"2024-04-12T17:07:46+00:00","og_image":[{"width":1600,"height":1600,"url":"https:\/\/securetechforever.com\/wp-content\/uploads\/2024\/04\/DS-2CD1663G2-LIZU.jpg","type":"image\/jpeg"}],"twitter_card":"summary_large_image","twitter_site":"@victorycsf","twitter_misc":{"Dur\u00e9e de lecture estim\u00e9e":"1 minute"},"schema":{"@context":"https:\/\/schema.org","@graph":[{"@type":"WebPage","@id":"https:\/\/securetechforever.com\/index.php\/produit\/ds-2cd1663g2-lizu\/","url":"https:\/\/securetechforever.com\/index.php\/produit\/ds-2cd1663g2-lizu\/","name":"DS-2CD1663G2-LIZU - SECURETECH FOREVER","isPartOf":{"@id":"https:\/\/securetechforever.com\/#website"},"primaryImageOfPage":{"@id":"https:\/\/securetechforever.com\/index.php\/produit\/ds-2cd1663g2-lizu\/#primaryimage"},"image":{"@id":"https:\/\/securetechforever.com\/index.php\/produit\/ds-2cd1663g2-lizu\/#primaryimage"},"thumbnailUrl":"https:\/\/securetechforever.com\/wp-content\/uploads\/2024\/04\/DS-2CD1663G2-LIZU.jpg","datePublished":"2024-04-12T17:07:20+00:00","dateModified":"2024-04-12T17:07:46+00:00","description":"DS-2CD1663G2-LIZU est une cam\u00e9ra r\u00e9seau ext\u00e9rieure de 6 m\u00e9gapixels avec une r\u00e9solution 3200 x 1800 pixels. Elle offre une excellente qualit\u00e9 vid\u00e9o IR 50m","breadcrumb":{"@id":"https:\/\/securetechforever.com\/index.php\/produit\/ds-2cd1663g2-lizu\/#breadcrumb"},"inLanguage":"fr-FR","potentialAction":[{"@type":"ReadAction","target":["https:\/\/securetechforever.com\/index.php\/produit\/ds-2cd1663g2-lizu\/"]}]},{"@type":"ImageObject","inLanguage":"fr-FR","@id":"https:\/\/securetechforever.com\/index.php\/produit\/ds-2cd1663g2-lizu\/#primaryimage","url":"https:\/\/securetechforever.com\/wp-content\/uploads\/2024\/04\/DS-2CD1663G2-LIZU.jpg","contentUrl":"https:\/\/securetechforever.com\/wp-content\/uploads\/2024\/04\/DS-2CD1663G2-LIZU.jpg","width":1600,"height":1600},{"@type":"BreadcrumbList","@id":"https:\/\/securetechforever.com\/index.php\/produit\/ds-2cd1663g2-lizu\/#breadcrumb","itemListElement":[{"@type":"ListItem","position":1,"name":"Accueil","item":"https:\/\/securetechforever.com\/"},{"@type":"ListItem","position":2,"name":"Shop","item":"https:\/\/securetechforever.com\/index.php\/shop\/"},{"@type":"ListItem","position":3,"name":"DS-2CD1663G2-LIZU"}]},{"@type":"WebSite","@id":"https:\/\/securetechforever.com\/#website","url":"https:\/\/securetechforever.com\/","name":"SECURETECH FOREVER","description":"securtech","publisher":{"@id":"https:\/\/securetechforever.com\/#organization"},"potentialAction":[{"@type":"SearchAction","target":{"@type":"EntryPoint","urlTemplate":"https:\/\/securetechforever.com\/?s={search_term_string}"},"query-input":{"@type":"PropertyValueSpecification","valueRequired":true,"valueName":"search_term_string"}}],"inLanguage":"fr-FR"},{"@type":"Organization","@id":"https:\/\/securetechforever.com\/#organization","name":"SECURETECH FOREVER","url":"https:\/\/securetechforever.com\/","logo":{"@type":"ImageObject","inLanguage":"fr-FR","@id":"https:\/\/securetechforever.com\/#\/schema\/logo\/image\/","url":"https:\/\/securetechforever.com\/wp-content\/uploads\/2024\/03\/cropped-Securetech-forever-png.png","contentUrl":"https:\/\/securetechforever.com\/wp-content\/uploads\/2024\/03\/cropped-Securetech-forever-png.png","width":2490,"height":212,"caption":"SECURETECH FOREVER"},"image":{"@id":"https:\/\/securetechforever.com\/#\/schema\/logo\/image\/"},"sameAs":["https:\/\/fr-fr.facebook.com\/abdelouahed.hamadi\/","https:\/\/x.com\/victorycsf"]}]}},"jetpack_sharing_enabled":true,"_links":{"self":[{"href":"https:\/\/securetechforever.com\/index.php\/wp-json\/wp\/v2\/product\/5707","targetHints":{"allow":["GET"]}}],"collection":[{"href":"https:\/\/securetechforever.com\/index.php\/wp-json\/wp\/v2\/product"}],"about":[{"href":"https:\/\/securetechforever.com\/index.php\/wp-json\/wp\/v2\/types\/product"}],"replies":[{"embeddable":true,"href":"https:\/\/securetechforever.com\/index.php\/wp-json\/wp\/v2\/comments?post=5707"}],"wp:featuredmedia":[{"embeddable":true,"href":"https:\/\/securetechforever.com\/index.php\/wp-json\/wp\/v2\/media\/5708"}],"wp:attachment":[{"href":"https:\/\/securetechforever.com\/index.php\/wp-json\/wp\/v2\/media?parent=5707"}],"wp:term":[{"taxonomy":"product_brand","embeddable":true,"href":"https:\/\/securetechforever.com\/index.php\/wp-json\/wp\/v2\/product_brand?post=5707"},{"taxonomy":"product_cat","embeddable":true,"href":"https:\/\/securetechforever.com\/index.php\/wp-json\/wp\/v2\/product_cat?post=5707"},{"taxonomy":"product_tag","embeddable":true,"href":"https:\/\/securetechforever.com\/index.php\/wp-json\/wp\/v2\/product_tag?post=5707"}],"curies":[{"name":"wp","href":"https:\/\/api.w.org\/{rel}","templated":true}]}}