{"id":5665,"date":"2024-03-20T14:44:23","date_gmt":"2024-03-20T13:44:23","guid":{"rendered":"https:\/\/securetechforever.com\/?post_type=product&#038;p=5665"},"modified":"2024-03-20T14:44:23","modified_gmt":"2024-03-20T13:44:23","slug":"ids-7216huhi-m2-s","status":"publish","type":"product","link":"https:\/\/securetechforever.com\/index.php\/produit\/ids-7216huhi-m2-s\/","title":{"rendered":"IDS-7216HUHI-M2\/S"},"content":{"rendered":"<ul>\n<li>D\u00e9tection de mouvement 2.0<\/li>\n<li>Analyse des personnes\/v\u00e9hicules.<\/li>\n<li>Compression vid\u00e9o H.265 Pro+\/H.265 Pro\/H.265\/H.264+\/H.264<\/li>\n<li>R\u00e9solution d\u2019encodage: 8 MP \u00e0 8 ips\/5 MP \u00e0 12 ips\/3K \u00e0 12 ips\/4 MP \u00e0 15 ips\/3 MP \u00e0 18 ips 1080p\/720p\/WD1\/4CIF\/VGA\/CIF \u00e0 25 ips (P)\/ 30 ips (N)<\/li>\n<li>D\u00e9bit vid\u00e9o de 32 Kbps \u00e0 10 Mbps Double flux. D\u00e9bit binaire audio 64 kbps<\/li>\n<li>Entr\u00e9e vid\u00e9o IP 8 canaux (jusqu\u2019\u00e0 24 canaux)<\/li>\n<li>Mode IP am\u00e9lior\u00e9 sur: 16 canaux (jusqu\u2019\u00e0 32 canaux), chacun jusqu\u2019\u00e0 4 Mbps<\/li>\n<li>R\u00e9solution jusqu\u2019\u00e0 8 m\u00e9gapixels. Entr\u00e9e vid\u00e9o analogique 16 canaux<\/li>\n<li>Sortie HDMI: 1 canal, 4K (3840 x 2160)\/30 Hz, 2K (2560 x 1440)\/60 Hz, 1920 x 1080\/60 Hz, 1280 x 1024\/60 Hz, 1280 x 720\/60 Hz, 1024 x 768 \/60Hz<\/li>\n<li>Sortie HDMI \/ VGA simultan\u00e9e<\/li>\n<li>Sortie VGA: 1 canal, 1920 \u00d7 1080\/60 Hz, 1280 \u00d7 1024\/60 Hz, 1280 \u00d7 720\/60 Hz, 1024 \u00d7 768\/60 Hz<\/li>\n<li>Sortie CVBS: 1 canal, BNC (1,0 Vp-p, 75 \u03a9),<\/li>\n<li>R\u00e9solutio: PAL : 704\u00d7576, NTSC : 704\u00d7480<\/li>\n<li>Lecture synchrone 16 canaux<\/li>\n<li>Entr\u00e9e HDTVI: 8MP@15fps, 5MP@20fps, 3K@20fps, 4MP@30fps, 4MP@25fps, 3MP@18fps, 1080p@30fps, 1080p@25fps, 720p@60fps, 720p@50fps, 720p@30fps, 720p@25fps<\/li>\n<li>Entr\u00e9e AHD: 5 MP, 4 MP, 1080p \u00e0 25 ips, 1080p \u00e0 30 ips, 720p \u00e0 25 ips, 720p \u00e0 30 ips<\/li>\n<li>Entr\u00e9e HDCVI: 4 MP, 1080p \u00e0 25 ips, 1080p \u00e0 30 ips, 720p \u00e0 25 ips, 720p \u00e0 30 ips<\/li>\n<li>4 entr\u00e9es et 1 sortie audio.<\/li>\n<li>16 entr\u00e9es et 4 sorties d\u2019alarme.<\/li>\n<li>Audio bidirectionnel 1 canal<\/li>\n<li>Protocole rouge TCP\/IP, PPPoE, DHCP, Hik-Connect, DNS, DDNS, NTP, SADP, NFS, iSCSI, UPnP\u2122, HTTPS, ONVIF.<\/li>\n<li>Connexion \u00e0 distance 128<\/li>\n<li>1 interface Ethernet auto-adaptative RJ45 10\/100\/1000 Mbps<\/li>\n<li>2 interfaces SATA Jusqu\u2019\u00e0 10 To de capacit\u00e9 pour chaque disque<\/li>\n<li>Interface USB. Panneau avant : 1 \u00d7 USB 2.0<\/li>\n<li>Panneau arri\u00e8re : 1 \u00d7 USB 3.0<\/li>\n<li>Alimentation 12 V DC, 5 A<\/li>\n<li>Consommation \u2264 19W<\/li>\n<li>Dimensions 380 \u00d7 320 \u00d7 48 mm<\/li>\n<li>Poids \u2264 2,1 kg<\/li>\n<\/ul>\n","protected":false},"excerpt":{"rendered":"<p>D\u00e9tection de mouvement 2.0 Analyse des personnes\/v\u00e9hicules. Compression vid\u00e9o H.265 Pro+\/H.265 Pro\/H.265\/H.264+\/H.264 R\u00e9solution d\u2019encodage: 8 MP \u00e0 8 ips\/5 MP \u00e0 12 ips\/3K \u00e0 12 ips\/4 MP \u00e0 15 ips\/3<\/p>\n","protected":false},"featured_media":5666,"comment_status":"open","ping_status":"closed","template":"","meta":{"_acf_changed":false},"product_brand":[],"product_cat":[25,243],"product_tag":[],"class_list":{"0":"post-5665","1":"product","2":"type-product","3":"status-publish","4":"has-post-thumbnail","6":"product_cat-analogique","7":"product_cat-dvr-4k","9":"first","10":"instock","11":"sale","12":"taxable","13":"shipping-taxable","14":"purchasable","15":"product-type-simple"},"acf":[],"yoast_head":"<!-- This site is optimized with the Yoast SEO plugin v25.0 - https:\/\/yoast.com\/wordpress\/plugins\/seo\/ -->\n<title>IDS-7216HUHI-M2\/S - SECURETECH FOREVER<\/title>\n<meta name=\"robots\" content=\"index, follow, max-snippet:-1, max-image-preview:large, max-video-preview:-1\" \/>\n<link rel=\"canonical\" href=\"https:\/\/securetechforever.com\/index.php\/produit\/ids-7216huhi-m2-s\/\" \/>\n<meta property=\"og:locale\" content=\"fr_FR\" \/>\n<meta property=\"og:type\" content=\"article\" \/>\n<meta property=\"og:title\" content=\"IDS-7216HUHI-M2\/S - SECURETECH FOREVER\" \/>\n<meta property=\"og:description\" content=\"D\u00e9tection de mouvement 2.0 Analyse des personnes\/v\u00e9hicules. Compression vid\u00e9o H.265 Pro+\/H.265 Pro\/H.265\/H.264+\/H.264 R\u00e9solution d\u2019encodage: 8 MP \u00e0 8 ips\/5 MP \u00e0 12 ips\/3K \u00e0 12 ips\/4 MP \u00e0 15 ips\/3\" \/>\n<meta property=\"og:url\" content=\"https:\/\/securetechforever.com\/index.php\/produit\/ids-7216huhi-m2-s\/\" \/>\n<meta property=\"og:site_name\" content=\"SECURETECH FOREVER\" \/>\n<meta property=\"article:publisher\" content=\"https:\/\/fr-fr.facebook.com\/abdelouahed.hamadi\/\" \/>\n<meta property=\"og:image\" content=\"https:\/\/securetechforever.com\/wp-content\/uploads\/2024\/03\/IDS-7216HUHI-M2-S.png\" \/>\n\t<meta property=\"og:image:width\" content=\"800\" \/>\n\t<meta property=\"og:image:height\" content=\"800\" \/>\n\t<meta property=\"og:image:type\" content=\"image\/png\" \/>\n<meta name=\"twitter:card\" content=\"summary_large_image\" \/>\n<meta name=\"twitter:site\" content=\"@victorycsf\" \/>\n<meta name=\"twitter:label1\" content=\"Dur\u00e9e de lecture estim\u00e9e\" \/>\n\t<meta name=\"twitter:data1\" content=\"1 minute\" \/>\n<script type=\"application\/ld+json\" class=\"yoast-schema-graph\">{\"@context\":\"https:\/\/schema.org\",\"@graph\":[{\"@type\":\"WebPage\",\"@id\":\"https:\/\/securetechforever.com\/index.php\/produit\/ids-7216huhi-m2-s\/\",\"url\":\"https:\/\/securetechforever.com\/index.php\/produit\/ids-7216huhi-m2-s\/\",\"name\":\"IDS-7216HUHI-M2\/S - SECURETECH FOREVER\",\"isPartOf\":{\"@id\":\"https:\/\/securetechforever.com\/#website\"},\"primaryImageOfPage\":{\"@id\":\"https:\/\/securetechforever.com\/index.php\/produit\/ids-7216huhi-m2-s\/#primaryimage\"},\"image\":{\"@id\":\"https:\/\/securetechforever.com\/index.php\/produit\/ids-7216huhi-m2-s\/#primaryimage\"},\"thumbnailUrl\":\"https:\/\/securetechforever.com\/wp-content\/uploads\/2024\/03\/IDS-7216HUHI-M2-S.png\",\"datePublished\":\"2024-03-20T13:44:23+00:00\",\"breadcrumb\":{\"@id\":\"https:\/\/securetechforever.com\/index.php\/produit\/ids-7216huhi-m2-s\/#breadcrumb\"},\"inLanguage\":\"fr-FR\",\"potentialAction\":[{\"@type\":\"ReadAction\",\"target\":[\"https:\/\/securetechforever.com\/index.php\/produit\/ids-7216huhi-m2-s\/\"]}]},{\"@type\":\"ImageObject\",\"inLanguage\":\"fr-FR\",\"@id\":\"https:\/\/securetechforever.com\/index.php\/produit\/ids-7216huhi-m2-s\/#primaryimage\",\"url\":\"https:\/\/securetechforever.com\/wp-content\/uploads\/2024\/03\/IDS-7216HUHI-M2-S.png\",\"contentUrl\":\"https:\/\/securetechforever.com\/wp-content\/uploads\/2024\/03\/IDS-7216HUHI-M2-S.png\",\"width\":800,\"height\":800},{\"@type\":\"BreadcrumbList\",\"@id\":\"https:\/\/securetechforever.com\/index.php\/produit\/ids-7216huhi-m2-s\/#breadcrumb\",\"itemListElement\":[{\"@type\":\"ListItem\",\"position\":1,\"name\":\"Accueil\",\"item\":\"https:\/\/securetechforever.com\/\"},{\"@type\":\"ListItem\",\"position\":2,\"name\":\"Shop\",\"item\":\"https:\/\/securetechforever.com\/index.php\/shop\/\"},{\"@type\":\"ListItem\",\"position\":3,\"name\":\"IDS-7216HUHI-M2\/S\"}]},{\"@type\":\"WebSite\",\"@id\":\"https:\/\/securetechforever.com\/#website\",\"url\":\"https:\/\/securetechforever.com\/\",\"name\":\"SECURETECH FOREVER\",\"description\":\"securtech\",\"publisher\":{\"@id\":\"https:\/\/securetechforever.com\/#organization\"},\"potentialAction\":[{\"@type\":\"SearchAction\",\"target\":{\"@type\":\"EntryPoint\",\"urlTemplate\":\"https:\/\/securetechforever.com\/?s={search_term_string}\"},\"query-input\":{\"@type\":\"PropertyValueSpecification\",\"valueRequired\":true,\"valueName\":\"search_term_string\"}}],\"inLanguage\":\"fr-FR\"},{\"@type\":\"Organization\",\"@id\":\"https:\/\/securetechforever.com\/#organization\",\"name\":\"SECURETECH FOREVER\",\"url\":\"https:\/\/securetechforever.com\/\",\"logo\":{\"@type\":\"ImageObject\",\"inLanguage\":\"fr-FR\",\"@id\":\"https:\/\/securetechforever.com\/#\/schema\/logo\/image\/\",\"url\":\"https:\/\/securetechforever.com\/wp-content\/uploads\/2024\/03\/cropped-Securetech-forever-png.png\",\"contentUrl\":\"https:\/\/securetechforever.com\/wp-content\/uploads\/2024\/03\/cropped-Securetech-forever-png.png\",\"width\":2490,\"height\":212,\"caption\":\"SECURETECH FOREVER\"},\"image\":{\"@id\":\"https:\/\/securetechforever.com\/#\/schema\/logo\/image\/\"},\"sameAs\":[\"https:\/\/fr-fr.facebook.com\/abdelouahed.hamadi\/\",\"https:\/\/x.com\/victorycsf\"]}]}<\/script>\n<!-- \/ Yoast SEO plugin. -->","yoast_head_json":{"title":"IDS-7216HUHI-M2\/S - SECURETECH FOREVER","robots":{"index":"index","follow":"follow","max-snippet":"max-snippet:-1","max-image-preview":"max-image-preview:large","max-video-preview":"max-video-preview:-1"},"canonical":"https:\/\/securetechforever.com\/index.php\/produit\/ids-7216huhi-m2-s\/","og_locale":"fr_FR","og_type":"article","og_title":"IDS-7216HUHI-M2\/S - SECURETECH FOREVER","og_description":"D\u00e9tection de mouvement 2.0 Analyse des personnes\/v\u00e9hicules. Compression vid\u00e9o H.265 Pro+\/H.265 Pro\/H.265\/H.264+\/H.264 R\u00e9solution d\u2019encodage: 8 MP \u00e0 8 ips\/5 MP \u00e0 12 ips\/3K \u00e0 12 ips\/4 MP \u00e0 15 ips\/3","og_url":"https:\/\/securetechforever.com\/index.php\/produit\/ids-7216huhi-m2-s\/","og_site_name":"SECURETECH FOREVER","article_publisher":"https:\/\/fr-fr.facebook.com\/abdelouahed.hamadi\/","og_image":[{"width":800,"height":800,"url":"https:\/\/securetechforever.com\/wp-content\/uploads\/2024\/03\/IDS-7216HUHI-M2-S.png","type":"image\/png"}],"twitter_card":"summary_large_image","twitter_site":"@victorycsf","twitter_misc":{"Dur\u00e9e de lecture estim\u00e9e":"1 minute"},"schema":{"@context":"https:\/\/schema.org","@graph":[{"@type":"WebPage","@id":"https:\/\/securetechforever.com\/index.php\/produit\/ids-7216huhi-m2-s\/","url":"https:\/\/securetechforever.com\/index.php\/produit\/ids-7216huhi-m2-s\/","name":"IDS-7216HUHI-M2\/S - SECURETECH FOREVER","isPartOf":{"@id":"https:\/\/securetechforever.com\/#website"},"primaryImageOfPage":{"@id":"https:\/\/securetechforever.com\/index.php\/produit\/ids-7216huhi-m2-s\/#primaryimage"},"image":{"@id":"https:\/\/securetechforever.com\/index.php\/produit\/ids-7216huhi-m2-s\/#primaryimage"},"thumbnailUrl":"https:\/\/securetechforever.com\/wp-content\/uploads\/2024\/03\/IDS-7216HUHI-M2-S.png","datePublished":"2024-03-20T13:44:23+00:00","breadcrumb":{"@id":"https:\/\/securetechforever.com\/index.php\/produit\/ids-7216huhi-m2-s\/#breadcrumb"},"inLanguage":"fr-FR","potentialAction":[{"@type":"ReadAction","target":["https:\/\/securetechforever.com\/index.php\/produit\/ids-7216huhi-m2-s\/"]}]},{"@type":"ImageObject","inLanguage":"fr-FR","@id":"https:\/\/securetechforever.com\/index.php\/produit\/ids-7216huhi-m2-s\/#primaryimage","url":"https:\/\/securetechforever.com\/wp-content\/uploads\/2024\/03\/IDS-7216HUHI-M2-S.png","contentUrl":"https:\/\/securetechforever.com\/wp-content\/uploads\/2024\/03\/IDS-7216HUHI-M2-S.png","width":800,"height":800},{"@type":"BreadcrumbList","@id":"https:\/\/securetechforever.com\/index.php\/produit\/ids-7216huhi-m2-s\/#breadcrumb","itemListElement":[{"@type":"ListItem","position":1,"name":"Accueil","item":"https:\/\/securetechforever.com\/"},{"@type":"ListItem","position":2,"name":"Shop","item":"https:\/\/securetechforever.com\/index.php\/shop\/"},{"@type":"ListItem","position":3,"name":"IDS-7216HUHI-M2\/S"}]},{"@type":"WebSite","@id":"https:\/\/securetechforever.com\/#website","url":"https:\/\/securetechforever.com\/","name":"SECURETECH FOREVER","description":"securtech","publisher":{"@id":"https:\/\/securetechforever.com\/#organization"},"potentialAction":[{"@type":"SearchAction","target":{"@type":"EntryPoint","urlTemplate":"https:\/\/securetechforever.com\/?s={search_term_string}"},"query-input":{"@type":"PropertyValueSpecification","valueRequired":true,"valueName":"search_term_string"}}],"inLanguage":"fr-FR"},{"@type":"Organization","@id":"https:\/\/securetechforever.com\/#organization","name":"SECURETECH FOREVER","url":"https:\/\/securetechforever.com\/","logo":{"@type":"ImageObject","inLanguage":"fr-FR","@id":"https:\/\/securetechforever.com\/#\/schema\/logo\/image\/","url":"https:\/\/securetechforever.com\/wp-content\/uploads\/2024\/03\/cropped-Securetech-forever-png.png","contentUrl":"https:\/\/securetechforever.com\/wp-content\/uploads\/2024\/03\/cropped-Securetech-forever-png.png","width":2490,"height":212,"caption":"SECURETECH FOREVER"},"image":{"@id":"https:\/\/securetechforever.com\/#\/schema\/logo\/image\/"},"sameAs":["https:\/\/fr-fr.facebook.com\/abdelouahed.hamadi\/","https:\/\/x.com\/victorycsf"]}]}},"jetpack_sharing_enabled":true,"_links":{"self":[{"href":"https:\/\/securetechforever.com\/index.php\/wp-json\/wp\/v2\/product\/5665","targetHints":{"allow":["GET"]}}],"collection":[{"href":"https:\/\/securetechforever.com\/index.php\/wp-json\/wp\/v2\/product"}],"about":[{"href":"https:\/\/securetechforever.com\/index.php\/wp-json\/wp\/v2\/types\/product"}],"replies":[{"embeddable":true,"href":"https:\/\/securetechforever.com\/index.php\/wp-json\/wp\/v2\/comments?post=5665"}],"wp:featuredmedia":[{"embeddable":true,"href":"https:\/\/securetechforever.com\/index.php\/wp-json\/wp\/v2\/media\/5666"}],"wp:attachment":[{"href":"https:\/\/securetechforever.com\/index.php\/wp-json\/wp\/v2\/media?parent=5665"}],"wp:term":[{"taxonomy":"product_brand","embeddable":true,"href":"https:\/\/securetechforever.com\/index.php\/wp-json\/wp\/v2\/product_brand?post=5665"},{"taxonomy":"product_cat","embeddable":true,"href":"https:\/\/securetechforever.com\/index.php\/wp-json\/wp\/v2\/product_cat?post=5665"},{"taxonomy":"product_tag","embeddable":true,"href":"https:\/\/securetechforever.com\/index.php\/wp-json\/wp\/v2\/product_tag?post=5665"}],"curies":[{"name":"wp","href":"https:\/\/api.w.org\/{rel}","templated":true}]}}