{"id":5625,"date":"2024-03-18T10:51:59","date_gmt":"2024-03-18T09:51:59","guid":{"rendered":"https:\/\/securetechforever.com\/?post_type=product&#038;p=5625"},"modified":"2024-03-18T10:51:59","modified_gmt":"2024-03-18T09:51:59","slug":"shelly-plus-1pm","status":"publish","type":"product","link":"https:\/\/securetechforever.com\/index.php\/produit\/shelly-plus-1pm\/","title":{"rendered":"Shelly Plus 1PM"},"content":{"rendered":"<ul>\n<li>Interrupteur\/commutateur de relais Wi-Fi \u00e0 1 canal 16 A et avec compteur \u00e9lectrique<br \/>\nContr\u00f4lez et mesurez la consommation \u00e9lectrique de plusieurs de vos appareils \u00e9lectrom\u00e9nagers et \u00e9quipements de bureau (lumi\u00e8res, syst\u00e8mes de s\u00e9curit\u00e9, radiateurs, climatiseurs, etc.), d&#8217;o\u00f9 que vous soyez.<\/li>\n<li>Compteur \u00e9lectrique<\/li>\n<li>Processeur ESP32 extr\u00eamement rapide, interface API am\u00e9lior\u00e9e<\/li>\n<li>Protection am\u00e9lior\u00e9e<\/li>\n<li>S\u00e9curit\u00e9 renforc\u00e9e : prise en charge de MQTT et WSS, prise en charge de TLS et de certificats personnalis\u00e9s<\/li>\n<li>Con\u00e7u pour s&#8217;adapter \u00e0 la plupart des tableaux \u00e9lectriques et derri\u00e8re des interrupteurs standards<\/li>\n<li>Contr\u00f4le depuis l&#8217;application Shelly, divers(es) protocoles et plateformes ainsi que des assistants vocaux.<\/li>\n<\/ul>\n","protected":false},"excerpt":{"rendered":"<p>Interrupteur\/commutateur de relais Wi-Fi \u00e0 1 canal 16 A et avec compteur \u00e9lectrique Contr\u00f4lez et mesurez la consommation \u00e9lectrique de plusieurs de vos appareils \u00e9lectrom\u00e9nagers et \u00e9quipements de bureau (lumi\u00e8res,<\/p>\n","protected":false},"featured_media":5626,"comment_status":"open","ping_status":"closed","template":"","meta":{"_acf_changed":false},"product_brand":[],"product_cat":[252],"product_tag":[],"class_list":{"0":"post-5625","1":"product","2":"type-product","3":"status-publish","4":"has-post-thumbnail","6":"product_cat-domotique","8":"first","9":"instock","10":"sale","11":"taxable","12":"shipping-taxable","13":"purchasable","14":"product-type-simple"},"acf":[],"yoast_head":"<!-- This site is optimized with the Yoast SEO plugin v25.0 - https:\/\/yoast.com\/wordpress\/plugins\/seo\/ -->\n<title>Shelly Plus 1PM - SECURETECH FOREVER<\/title>\n<meta name=\"robots\" content=\"index, follow, max-snippet:-1, max-image-preview:large, max-video-preview:-1\" \/>\n<link rel=\"canonical\" href=\"https:\/\/securetechforever.com\/index.php\/produit\/shelly-plus-1pm\/\" \/>\n<meta property=\"og:locale\" content=\"fr_FR\" \/>\n<meta property=\"og:type\" content=\"article\" \/>\n<meta property=\"og:title\" content=\"Shelly Plus 1PM - SECURETECH FOREVER\" \/>\n<meta property=\"og:description\" content=\"Interrupteur\/commutateur de relais Wi-Fi \u00e0 1 canal 16 A et avec compteur \u00e9lectrique Contr\u00f4lez et mesurez la consommation \u00e9lectrique de plusieurs de vos appareils \u00e9lectrom\u00e9nagers et \u00e9quipements de bureau (lumi\u00e8res,\" \/>\n<meta property=\"og:url\" content=\"https:\/\/securetechforever.com\/index.php\/produit\/shelly-plus-1pm\/\" \/>\n<meta property=\"og:site_name\" content=\"SECURETECH FOREVER\" \/>\n<meta property=\"article:publisher\" content=\"https:\/\/fr-fr.facebook.com\/abdelouahed.hamadi\/\" \/>\n<meta property=\"og:image\" content=\"https:\/\/securetechforever.com\/wp-content\/uploads\/2024\/03\/Shelly_Plus1PM.png\" \/>\n\t<meta property=\"og:image:width\" content=\"938\" \/>\n\t<meta property=\"og:image:height\" content=\"938\" \/>\n\t<meta property=\"og:image:type\" content=\"image\/png\" \/>\n<meta name=\"twitter:card\" content=\"summary_large_image\" \/>\n<meta name=\"twitter:site\" content=\"@victorycsf\" \/>\n<meta name=\"twitter:label1\" content=\"Dur\u00e9e de lecture estim\u00e9e\" \/>\n\t<meta name=\"twitter:data1\" content=\"1 minute\" \/>\n<script type=\"application\/ld+json\" class=\"yoast-schema-graph\">{\"@context\":\"https:\/\/schema.org\",\"@graph\":[{\"@type\":\"WebPage\",\"@id\":\"https:\/\/securetechforever.com\/index.php\/produit\/shelly-plus-1pm\/\",\"url\":\"https:\/\/securetechforever.com\/index.php\/produit\/shelly-plus-1pm\/\",\"name\":\"Shelly Plus 1PM - SECURETECH FOREVER\",\"isPartOf\":{\"@id\":\"https:\/\/securetechforever.com\/#website\"},\"primaryImageOfPage\":{\"@id\":\"https:\/\/securetechforever.com\/index.php\/produit\/shelly-plus-1pm\/#primaryimage\"},\"image\":{\"@id\":\"https:\/\/securetechforever.com\/index.php\/produit\/shelly-plus-1pm\/#primaryimage\"},\"thumbnailUrl\":\"https:\/\/securetechforever.com\/wp-content\/uploads\/2024\/03\/Shelly_Plus1PM.png\",\"datePublished\":\"2024-03-18T09:51:59+00:00\",\"breadcrumb\":{\"@id\":\"https:\/\/securetechforever.com\/index.php\/produit\/shelly-plus-1pm\/#breadcrumb\"},\"inLanguage\":\"fr-FR\",\"potentialAction\":[{\"@type\":\"ReadAction\",\"target\":[\"https:\/\/securetechforever.com\/index.php\/produit\/shelly-plus-1pm\/\"]}]},{\"@type\":\"ImageObject\",\"inLanguage\":\"fr-FR\",\"@id\":\"https:\/\/securetechforever.com\/index.php\/produit\/shelly-plus-1pm\/#primaryimage\",\"url\":\"https:\/\/securetechforever.com\/wp-content\/uploads\/2024\/03\/Shelly_Plus1PM.png\",\"contentUrl\":\"https:\/\/securetechforever.com\/wp-content\/uploads\/2024\/03\/Shelly_Plus1PM.png\",\"width\":938,\"height\":938},{\"@type\":\"BreadcrumbList\",\"@id\":\"https:\/\/securetechforever.com\/index.php\/produit\/shelly-plus-1pm\/#breadcrumb\",\"itemListElement\":[{\"@type\":\"ListItem\",\"position\":1,\"name\":\"Accueil\",\"item\":\"https:\/\/securetechforever.com\/\"},{\"@type\":\"ListItem\",\"position\":2,\"name\":\"Shop\",\"item\":\"https:\/\/securetechforever.com\/index.php\/shop\/\"},{\"@type\":\"ListItem\",\"position\":3,\"name\":\"Shelly Plus 1PM\"}]},{\"@type\":\"WebSite\",\"@id\":\"https:\/\/securetechforever.com\/#website\",\"url\":\"https:\/\/securetechforever.com\/\",\"name\":\"SECURETECH FOREVER\",\"description\":\"securtech\",\"publisher\":{\"@id\":\"https:\/\/securetechforever.com\/#organization\"},\"potentialAction\":[{\"@type\":\"SearchAction\",\"target\":{\"@type\":\"EntryPoint\",\"urlTemplate\":\"https:\/\/securetechforever.com\/?s={search_term_string}\"},\"query-input\":{\"@type\":\"PropertyValueSpecification\",\"valueRequired\":true,\"valueName\":\"search_term_string\"}}],\"inLanguage\":\"fr-FR\"},{\"@type\":\"Organization\",\"@id\":\"https:\/\/securetechforever.com\/#organization\",\"name\":\"SECURETECH FOREVER\",\"url\":\"https:\/\/securetechforever.com\/\",\"logo\":{\"@type\":\"ImageObject\",\"inLanguage\":\"fr-FR\",\"@id\":\"https:\/\/securetechforever.com\/#\/schema\/logo\/image\/\",\"url\":\"https:\/\/securetechforever.com\/wp-content\/uploads\/2024\/03\/cropped-Securetech-forever-png.png\",\"contentUrl\":\"https:\/\/securetechforever.com\/wp-content\/uploads\/2024\/03\/cropped-Securetech-forever-png.png\",\"width\":2490,\"height\":212,\"caption\":\"SECURETECH FOREVER\"},\"image\":{\"@id\":\"https:\/\/securetechforever.com\/#\/schema\/logo\/image\/\"},\"sameAs\":[\"https:\/\/fr-fr.facebook.com\/abdelouahed.hamadi\/\",\"https:\/\/x.com\/victorycsf\"]}]}<\/script>\n<!-- \/ Yoast SEO plugin. -->","yoast_head_json":{"title":"Shelly Plus 1PM - SECURETECH FOREVER","robots":{"index":"index","follow":"follow","max-snippet":"max-snippet:-1","max-image-preview":"max-image-preview:large","max-video-preview":"max-video-preview:-1"},"canonical":"https:\/\/securetechforever.com\/index.php\/produit\/shelly-plus-1pm\/","og_locale":"fr_FR","og_type":"article","og_title":"Shelly Plus 1PM - SECURETECH FOREVER","og_description":"Interrupteur\/commutateur de relais Wi-Fi \u00e0 1 canal 16 A et avec compteur \u00e9lectrique Contr\u00f4lez et mesurez la consommation \u00e9lectrique de plusieurs de vos appareils \u00e9lectrom\u00e9nagers et \u00e9quipements de bureau (lumi\u00e8res,","og_url":"https:\/\/securetechforever.com\/index.php\/produit\/shelly-plus-1pm\/","og_site_name":"SECURETECH FOREVER","article_publisher":"https:\/\/fr-fr.facebook.com\/abdelouahed.hamadi\/","og_image":[{"width":938,"height":938,"url":"https:\/\/securetechforever.com\/wp-content\/uploads\/2024\/03\/Shelly_Plus1PM.png","type":"image\/png"}],"twitter_card":"summary_large_image","twitter_site":"@victorycsf","twitter_misc":{"Dur\u00e9e de lecture estim\u00e9e":"1 minute"},"schema":{"@context":"https:\/\/schema.org","@graph":[{"@type":"WebPage","@id":"https:\/\/securetechforever.com\/index.php\/produit\/shelly-plus-1pm\/","url":"https:\/\/securetechforever.com\/index.php\/produit\/shelly-plus-1pm\/","name":"Shelly Plus 1PM - SECURETECH FOREVER","isPartOf":{"@id":"https:\/\/securetechforever.com\/#website"},"primaryImageOfPage":{"@id":"https:\/\/securetechforever.com\/index.php\/produit\/shelly-plus-1pm\/#primaryimage"},"image":{"@id":"https:\/\/securetechforever.com\/index.php\/produit\/shelly-plus-1pm\/#primaryimage"},"thumbnailUrl":"https:\/\/securetechforever.com\/wp-content\/uploads\/2024\/03\/Shelly_Plus1PM.png","datePublished":"2024-03-18T09:51:59+00:00","breadcrumb":{"@id":"https:\/\/securetechforever.com\/index.php\/produit\/shelly-plus-1pm\/#breadcrumb"},"inLanguage":"fr-FR","potentialAction":[{"@type":"ReadAction","target":["https:\/\/securetechforever.com\/index.php\/produit\/shelly-plus-1pm\/"]}]},{"@type":"ImageObject","inLanguage":"fr-FR","@id":"https:\/\/securetechforever.com\/index.php\/produit\/shelly-plus-1pm\/#primaryimage","url":"https:\/\/securetechforever.com\/wp-content\/uploads\/2024\/03\/Shelly_Plus1PM.png","contentUrl":"https:\/\/securetechforever.com\/wp-content\/uploads\/2024\/03\/Shelly_Plus1PM.png","width":938,"height":938},{"@type":"BreadcrumbList","@id":"https:\/\/securetechforever.com\/index.php\/produit\/shelly-plus-1pm\/#breadcrumb","itemListElement":[{"@type":"ListItem","position":1,"name":"Accueil","item":"https:\/\/securetechforever.com\/"},{"@type":"ListItem","position":2,"name":"Shop","item":"https:\/\/securetechforever.com\/index.php\/shop\/"},{"@type":"ListItem","position":3,"name":"Shelly Plus 1PM"}]},{"@type":"WebSite","@id":"https:\/\/securetechforever.com\/#website","url":"https:\/\/securetechforever.com\/","name":"SECURETECH FOREVER","description":"securtech","publisher":{"@id":"https:\/\/securetechforever.com\/#organization"},"potentialAction":[{"@type":"SearchAction","target":{"@type":"EntryPoint","urlTemplate":"https:\/\/securetechforever.com\/?s={search_term_string}"},"query-input":{"@type":"PropertyValueSpecification","valueRequired":true,"valueName":"search_term_string"}}],"inLanguage":"fr-FR"},{"@type":"Organization","@id":"https:\/\/securetechforever.com\/#organization","name":"SECURETECH FOREVER","url":"https:\/\/securetechforever.com\/","logo":{"@type":"ImageObject","inLanguage":"fr-FR","@id":"https:\/\/securetechforever.com\/#\/schema\/logo\/image\/","url":"https:\/\/securetechforever.com\/wp-content\/uploads\/2024\/03\/cropped-Securetech-forever-png.png","contentUrl":"https:\/\/securetechforever.com\/wp-content\/uploads\/2024\/03\/cropped-Securetech-forever-png.png","width":2490,"height":212,"caption":"SECURETECH FOREVER"},"image":{"@id":"https:\/\/securetechforever.com\/#\/schema\/logo\/image\/"},"sameAs":["https:\/\/fr-fr.facebook.com\/abdelouahed.hamadi\/","https:\/\/x.com\/victorycsf"]}]}},"jetpack_sharing_enabled":true,"_links":{"self":[{"href":"https:\/\/securetechforever.com\/index.php\/wp-json\/wp\/v2\/product\/5625","targetHints":{"allow":["GET"]}}],"collection":[{"href":"https:\/\/securetechforever.com\/index.php\/wp-json\/wp\/v2\/product"}],"about":[{"href":"https:\/\/securetechforever.com\/index.php\/wp-json\/wp\/v2\/types\/product"}],"replies":[{"embeddable":true,"href":"https:\/\/securetechforever.com\/index.php\/wp-json\/wp\/v2\/comments?post=5625"}],"wp:featuredmedia":[{"embeddable":true,"href":"https:\/\/securetechforever.com\/index.php\/wp-json\/wp\/v2\/media\/5626"}],"wp:attachment":[{"href":"https:\/\/securetechforever.com\/index.php\/wp-json\/wp\/v2\/media?parent=5625"}],"wp:term":[{"taxonomy":"product_brand","embeddable":true,"href":"https:\/\/securetechforever.com\/index.php\/wp-json\/wp\/v2\/product_brand?post=5625"},{"taxonomy":"product_cat","embeddable":true,"href":"https:\/\/securetechforever.com\/index.php\/wp-json\/wp\/v2\/product_cat?post=5625"},{"taxonomy":"product_tag","embeddable":true,"href":"https:\/\/securetechforever.com\/index.php\/wp-json\/wp\/v2\/product_tag?post=5625"}],"curies":[{"name":"wp","href":"https:\/\/api.w.org\/{rel}","templated":true}]}}